517 and 16153577.
11
Calculate the greatest common divisor of 1045794 and 186.
6
Calculate the highest common factor of 1832641912 and 8.
8
Calculate the greatest common divisor of 82998865 and 23480.
2935
What is the highest common factor of 10062 and 64636?
26
Calculate the greatest common factor of 6 and 5996790.
6
What is the highest common factor of 6250 and 35250?
250
Calculate the highest common factor of 90215 and 3580.
5
What is the greatest common factor of 31488 and 487736?
328
What is the greatest common factor of 5587750 and 32426?
62
Calculate the greatest common divisor of 84 and 322602.
42
Calculate the highest common divisor of 1262525536 and 34.
34
What is the greatest common factor of 10515 and 248313828?
2103
What is the greatest common factor of 798 and 102160359?
399
What is the highest common factor of 620047 and 113579?
53
What is the highest common factor of 22606493 and 1543?
1543
What is the highest common divisor of 374040 and 2445?
15
Calculate the greatest common factor of 12 and 2478046.
2
What is the greatest common divisor of 3830 and 18230?
10
What is the highest common factor of 5632 and 4457456?
16
What is the highest common factor of 1050 and 44334675?
525
What is the highest common divisor of 1542092 and 3444?
164
What is the highest common divisor of 129738794 and 83?
83
What is the greatest common factor of 65517047 and 1415?
283
Calculate the highest common factor of 18516543 and 1692.
141
Calculate the greatest common divisor of 201724 and 741284.
188
Calculate the highest common factor of 1301917 and 75362.
769
Calculate the highest common factor of 24347975 and 500.
25
Calculate the highest common factor of 1648 and 11893822.
206
What is the greatest common factor of 4617 and 10246662?
1539
What is the greatest common factor of 68880 and 481012?
1148
What is the greatest common factor of 15080 and 55640?
520
Calculate the highest common factor of 2544 and 209136728.
424
What is the greatest common factor of 8094200 and 60?
20
What is the highest common divisor of 1782782729 and 481?
481
What is the highest common factor of 66752650 and 50?
50
What is the greatest common factor of 37310034 and 30?
6
What is the greatest common factor of 1865 and 164537014?
373
Calculate the greatest common factor of 88325 and 18021833.
3533
What is the highest common factor of 538144 and 13132?
268
Calculate the greatest common factor of 7550714 and 383543.
4621
Calculate the greatest common divisor of 3136 and 329946176.
448
Calculate the greatest common factor of 8 and 12881896.
8
Calculate the greatest common divisor of 11507 and 2331.
37
Calculate the greatest common divisor of 128476134 and 106.
106
What is the greatest common divisor of 42267210 and 22040?
5510
Calculate the greatest common factor of 44 and 315602716.
44
What is the highest common factor of 145 and 5873341?
29
What is the greatest common divisor of 76 and 88160494?
38
Calculate the highest common divisor of 143 and 86300929.
143
What is the greatest common factor of 130141035 and 90?
45
What is the greatest common factor of 2238969 and 246?
123
What is the highest common factor of 1279 and 228906467?
1279
What is the greatest common factor of 119 and 70130207?
7
What is the greatest common factor of 4170735 and 1170?
45
What is the highest common divisor of 30596 and 521042231?
7649
What is the highest common divisor of 563798568 and 48?
24
Calculate the highest common factor of 8888623 and 4033.
109
Calculate the greatest common factor of 18828 and 819.
9
Calculate the highest common factor of 6873647 and 253.
11
Calculate the highest common divisor of 1336710 and 61965.
255
Calculate the greatest common divisor of 42675048 and 832.
104
Calculate the highest common divisor of 36252 and 530100912.
12084
Calculate the greatest common factor of 211687961 and 51.
17
Calculate the greatest common divisor of 509716 and 14701.
61
Calculate the highest common divisor of 3120 and 6745908.
156
What is the greatest common factor of 18755 and 158875?
155
Calculate the highest common divisor of 1120 and 16449685.
35
What is the greatest common divisor of 79502 and 584684?
626
What is the highest common factor of 879 and 12060466?
293
Calculate the greatest common divisor of 9 and 2688045.
3
Calculate the greatest common divisor of 1132 and 133773251.
283
Calculate the greatest common factor of 946 and 34002078.
946
What is the highest common factor of 14905 and 1487519?
2981
Calculate the greatest common factor of 699 and 7648691.
233
What is the greatest common divisor of 311051 and 195676?
923
What is the greatest common divisor of 3234 and 1216941?
33
What is the greatest common divisor of 285928 and 382336?
824
What is the greatest common divisor of 752 and 67692784?
752
Calculate the greatest common divisor of 4855704 and 1344.
168
What is the highest common divisor of 5592 and 193274898?
1398
Calculate the greatest common divisor of 1267445 and 2320.
145
What is the greatest common factor of 17360 and 1939112?
1736
Calculate the greatest common factor of 6 and 7186506.
6
What is the greatest common factor of 11033561 and 10659?
187
Calculate the greatest common divisor of 104308 and 164.
4
What is the greatest common divisor of 292 and 116478070?
146
What is the greatest common divisor of 57404432 and 80?
16
What is the greatest common divisor of 10612 and 3456859?
2653
Calculate the highest common divisor of 2907242 and 35061.
403
What is the greatest common divisor of 1500088 and 314279?
2641
What is the highest common divisor of 662632 and 20792?
904
What is the highest common factor of 2465289 and 745093?
697
What is the highest common factor of 20 and 2850255?
5
What is the highest common divisor of 80965416 and 6489?
2163
What is the highest common divisor of 297272430 and 15120?
1890
Calculate the greatest common factor of 9018 and 97047207.
4509
What is the greatest common factor of 37942496 and 32?
32
What is the highest common factor of 131138 and 163217?
17
What is the highest common factor of 63624279 and 3?
3
What is the highest common factor of 1905610 and 868?
14
Calculate the greatest common factor of 6656 and 85592.
104
Calculate the highest common factor of 4371 and 205484.
47
What is the highest common divisor of 924266 and 29666?
14
Calculate the greatest common divisor of 102939141 and 1432.
179
What is the greatest common factor of 28201380 and 90?
30
Calculate the greatest common divisor of 14151 and 76014455.
4717
What is the highest common divisor of 78514 and 119250034?
2122
Calculate the highest common factor of 17740950 and 300.
150
Calculate the highest common divisor of 534770 and 19610.
530
Calculate the greatest common factor of 3026371869 and 837.
837
Calculate the highest common divisor of 99 and 44711307.
9
Calculate the highest common factor of 148 and 2253337.
37
Calculate the highest common divisor of 276881863 and 31.
31
What is the highest common factor of 225 and 6430800?
75
What is the greatest common factor of 848896 and 3180044?
3316
Calculate the greatest common factor of 591169 and 368.
23
Calculate the highest common divisor of 34542 and 48488.
38
Calculate the greatest common factor of 159238392 and 1824.
456
Calculate the highest common divisor of 181918922 and 2.
2
What is the highest common factor of 143713 and 175183?
1049
Calculate the highest common divisor of 13800 and 24559200.
600
What is the greatest common factor of 870 and 66194820?
870
What is the greatest common factor of 114355648 and 5566?
242
What is the greatest common factor of 292186620 and 990?
990
What is the greatest common divisor of 191909 and 148909?
43
What is the greatest common divisor of 10164 and 2575958?
154
What is the greatest common divisor of 246 and 1059394203?
123
What is the greatest common factor of 10285 and 24664365?
935
What is the greatest common factor of 1136 and 483084?
284
Calculate the greatest common factor of 1692527 and 464.
29
What is the highest common factor of 449272 and 34888?
712
What is the greatest common divisor of 21437328 and 156?
12
Calculate the highest common divisor of 217 and 313534186.
217
What is the greatest common divisor of 1119 and 44696963?
373
Calculate the greatest common d